{"id":3070,"date":"2020-09-17T08:57:26","date_gmt":"2020-09-17T01:57:26","guid":{"rendered":"\/web\/?page_id=3070"},"modified":"2024-03-07T15:26:59","modified_gmt":"2024-03-07T08:26:59","slug":"phuc-than","status":"publish","type":"page","link":"\/web\/phuc-than\/","title":{"rendered":"Tr\u1ea1m Y t\u1ebf x\u00e3 Ph\u00fac Than"},"content":{"rendered":"\n<p>Tr\u1ea1m Y t\u1ebf x\u00e3 Ph\u00fac Than \u0111\u01b0\u1ee3c x\u00e2y d\u1ef1ng t\u1ea1i \u0110\u1ed9i 9, x\u00e3 Ph\u00fac Than, huy\u1ec7n Than Uy\u00ean, t\u1ec9nh Lai Ch\u00e2u. Tr\u1ea1m Y t\u1ebf c\u00f3 17 ph\u00f2ng l\u00e0m vi\u1ec7c \u0111\u1ea3m b\u1ea3o ti\u00eau ch\u00ed qu\u1ed1c gia v\u1ec1 y t\u1ebf x\u00e3; c\u00f3 07 bi\u00ean ch\u1ebf (4 y s\u1ef9, 01 NHS, 01 d\u01b0\u1ee3c s\u1ef9 v\u00e0 01 v\u00ean ch\u1ee9c d\u00e2n s\u1ed1), 18 y t\u1ebf th\u00f4n b\u1ea3n.Tr\u1ea1m Y t\u1ebf lu\u00f4n tri\u1ec3n khai th\u1ef1c hi\u1ec7n t\u1ed1t ch\u1ee9c n\u0103ng, nhi\u1ec7m v\u1ee5 c\u1ee7a Tr\u1ea1m y t\u1ebf theo quy \u0111\u1ecbnh c\u1ee7a B\u1ed9 Y t\u1ebf, \u0111\u1ed3ng th\u1eddi tri\u1ec3n khai c\u01a1 s\u1edf c\u1ea5p ph\u00e1t Methadone \u0111i\u1ec1u tr\u1ecb cho tr\u00ean 70 b\u1ec7nh nh\u00e2n nghi\u1ec7n c\u00e1c ch\u1ea5t d\u1ea1ng thu\u1ed1c phi\u1ec7n tr\u00ean \u0111\u1ecba b\u00e0n. Trong nh\u1eefng n\u0103m qua, Tr\u1ea1m Y t\u1ebf lu\u00f4n ho\u00e0n th\u00e0nh t\u1ed1t nhi\u1ec7m v\u1ee5 ch\u0103m s\u00f3c s\u1ee9c kho\u1ebb ban \u0111\u1ea7u nh\u00e2n d\u00e2n tr\u00ean \u0111\u1ecba b\u00e0n. \u0110\u01b0\u1ee3c c\u00f4ng nh\u1eadn \u0111\u1ea1t ti\u00eau ch\u00ed qu\u1ed1c gia v\u1ec1 y t\u1ebf x\u00e3 n\u0103m 2013, \u0111\u01b0\u1ee3c c\u00f4ng nh\u1eadn l\u1ea1i n\u0103m 2016, 2019. Hi\u1ec7n duy tr\u00ec t\u1ed1t c\u00e1c ti\u00eau ch\u00ed chu\u1ea9n, \u0111ang \u0111\u1ec1 ngh\u1ecb c\u00f4ng nh\u1eadn l\u1ea1i n\u0103m 2022.<\/p>\n\n\n\n<figure class=\"wp-block-table is-style-stripes\"><table class=\"has-fixed-layout\"><tbody><tr><td><\/td><td class=\"has-text-align-center\" data-align=\"center\"><img loading=\"lazy\" decoding=\"async\" width=\"150\" height=\"225\" class=\"wp-image-3310\" style=\"width: 150px;\" src=\"\/web\/wp-content\/uploads\/2020\/10\/\u0110\u1eb7ng-Th\u1ebf-Quang-045065623.jpg\" alt=\"\" srcset=\"\/web\/wp-content\/uploads\/2020\/10\/\u0110\u1eb7ng-Th\u1ebf-Quang-045065623.jpg 787w, \/web\/wp-content\/uploads\/2020\/10\/\u0110\u1eb7ng-Th\u1ebf-Quang-045065623-200x300.jpg 200w, \/web\/wp-content\/uploads\/2020\/10\/\u0110\u1eb7ng-Th\u1ebf-Quang-045065623-682x1024.jpg 682w, \/web\/wp-content\/uploads\/2020\/10\/\u0110\u1eb7ng-Th\u1ebf-Quang-045065623-768x1152.jpg 768w\" sizes=\"(max-width: 150px) 100vw, 150px\" \/><br><strong>\u0110\u1eb7ng Th\u1ebf Quang<\/strong><br><em>Y s\u1ef9 \u0111a khoa<\/em><br><strong><em>Ph\u00f3 tr\u1ea1m<\/em><\/strong><\/td><td><\/td><\/tr><\/tbody><\/table><\/figure>\n\n\n\n<figure class=\"wp-block-table\"><table><tbody><tr><td class=\"has-text-align-center\" data-align=\"center\"><img loading=\"lazy\" decoding=\"async\" width=\"150\" height=\"225\" class=\"wp-image-3372\" style=\"width: 150px;\" src=\"\/web\/wp-content\/uploads\/2020\/10\/Gi\u00e0ng-A-N\u1ee7-060589014.jpg\" alt=\"\" srcset=\"\/web\/wp-content\/uploads\/2020\/10\/Gi\u00e0ng-A-N\u1ee7-060589014.jpg 787w, \/web\/wp-content\/uploads\/2020\/10\/Gi\u00e0ng-A-N\u1ee7-060589014-200x300.jpg 200w, \/web\/wp-content\/uploads\/2020\/10\/Gi\u00e0ng-A-N\u1ee7-060589014-682x1024.jpg 682w, \/web\/wp-content\/uploads\/2020\/10\/Gi\u00e0ng-A-N\u1ee7-060589014-768x1152.jpg 768w\" sizes=\"(max-width: 150px) 100vw, 150px\" \/><br><strong>Gi\u00e0ng A N\u1ee7<\/strong><br><em>Y s\u1ef9 \u0111a khoa <\/em><\/td><td class=\"has-text-align-center\" data-align=\"center\"><img loading=\"lazy\" decoding=\"async\" width=\"150\" height=\"225\" class=\"wp-image-3316\" style=\"width: 150px;\" src=\"\/web\/wp-content\/uploads\/2020\/10\/D\u01b0\u01a1ng-Th\u1ecb-Na-045272256.jpg\" alt=\"\" srcset=\"\/web\/wp-content\/uploads\/2020\/10\/D\u01b0\u01a1ng-Th\u1ecb-Na-045272256.jpg 787w, \/web\/wp-content\/uploads\/2020\/10\/D\u01b0\u01a1ng-Th\u1ecb-Na-045272256-200x300.jpg 200w, \/web\/wp-content\/uploads\/2020\/10\/D\u01b0\u01a1ng-Th\u1ecb-Na-045272256-682x1024.jpg 682w, \/web\/wp-content\/uploads\/2020\/10\/D\u01b0\u01a1ng-Th\u1ecb-Na-045272256-768x1152.jpg 768w\" sizes=\"(max-width: 150px) 100vw, 150px\" \/><br><strong>D\u01b0\u01a1ng Th\u1ecb Na<\/strong><br><em>Y s\u1ef9 \u0111a khoa<\/em><\/td><td class=\"has-text-align-center\" data-align=\"center\"><img loading=\"lazy\" decoding=\"async\" width=\"150\" height=\"225\" class=\"wp-image-3312\" style=\"width: 150px;\" src=\"\/web\/wp-content\/uploads\/2020\/10\/L\u00f2-Th\u1ecb-Thi\u00ean-045014215.jpg\" alt=\"\" srcset=\"\/web\/wp-content\/uploads\/2020\/10\/L\u00f2-Th\u1ecb-Thi\u00ean-045014215.jpg 787w, \/web\/wp-content\/uploads\/2020\/10\/L\u00f2-Th\u1ecb-Thi\u00ean-045014215-200x300.jpg 200w, \/web\/wp-content\/uploads\/2020\/10\/L\u00f2-Th\u1ecb-Thi\u00ean-045014215-682x1024.jpg 682w, \/web\/wp-content\/uploads\/2020\/10\/L\u00f2-Th\u1ecb-Thi\u00ean-045014215-768x1152.jpg 768w\" sizes=\"(max-width: 150px) 100vw, 150px\" \/><br><strong>L\u00f2 Th\u1ecb Thi\u00ean<\/strong><br><em>N\u1eef h\u1ed9 sinh<\/em><\/td><td class=\"has-text-align-center\" data-align=\"center\"><img loading=\"lazy\" decoding=\"async\" width=\"150\" height=\"225\" class=\"wp-image-3314\" style=\"width: 150px;\" src=\"\/web\/wp-content\/uploads\/2020\/10\/H\u00e0-Th\u1ecb-Thu-C\u00fac-060659960.jpg\" alt=\"\" srcset=\"\/web\/wp-content\/uploads\/2020\/10\/H\u00e0-Th\u1ecb-Thu-C\u00fac-060659960.jpg 787w, \/web\/wp-content\/uploads\/2020\/10\/H\u00e0-Th\u1ecb-Thu-C\u00fac-060659960-200x300.jpg 200w, \/web\/wp-content\/uploads\/2020\/10\/H\u00e0-Th\u1ecb-Thu-C\u00fac-060659960-682x1024.jpg 682w, \/web\/wp-content\/uploads\/2020\/10\/H\u00e0-Th\u1ecb-Thu-C\u00fac-060659960-768x1152.jpg 768w\" sizes=\"(max-width: 150px) 100vw, 150px\" \/><br><strong>H\u00e0 Th\u1ecb Thu C\u00fac<\/strong><br><em>D\u01b0\u1ee3c s\u1ef9<\/em><\/td><\/tr><tr><td class=\"has-text-align-center\" data-align=\"center\"><img loading=\"lazy\" decoding=\"async\" width=\"150\" height=\"225\" class=\"wp-image-3313\" style=\"width: 150px;\" src=\"\/web\/wp-content\/uploads\/2020\/10\/L\u00f2-Th\u1ecb-Sinh-045014997.jpg\" alt=\"\" srcset=\"\/web\/wp-content\/uploads\/2020\/10\/L\u00f2-Th\u1ecb-Sinh-045014997.jpg 787w, \/web\/wp-content\/uploads\/2020\/10\/L\u00f2-Th\u1ecb-Sinh-045014997-200x300.jpg 200w, \/web\/wp-content\/uploads\/2020\/10\/L\u00f2-Th\u1ecb-Sinh-045014997-682x1024.jpg 682w, \/web\/wp-content\/uploads\/2020\/10\/L\u00f2-Th\u1ecb-Sinh-045014997-768x1152.jpg 768w\" sizes=\"(max-width: 150px) 100vw, 150px\" \/><br><strong>L\u00f2 Th\u1ecb Sinh<\/strong><br><em>D\u00e2n s\u1ed1<\/em><\/td><td class=\"has-text-align-center\" data-align=\"center\"><img loading=\"lazy\" decoding=\"async\" width=\"150\" height=\"219\" class=\"wp-image-7423\" style=\"width: 150px;\" src=\"\/web\/wp-content\/uploads\/2024\/03\/nguyen-thi-ha-e1709800011180.jpg\" alt=\"\"><br>Nguy\u1ec5n Th\u1ecb H\u00e0<br><em>B\u00e1c s\u1ef9 \u0111a khoa<\/em><\/td><td class=\"has-text-align-center\" data-align=\"center\"><\/td><td class=\"has-text-align-center\" data-align=\"center\"><\/td><\/tr><\/tbody><\/table><\/figure>\n","protected":false},"excerpt":{"rendered":"<div class=\"mh-excerpt\"><p>Tr\u1ea1m Y t\u1ebf x\u00e3 Ph\u00fac Than \u0111\u01b0\u1ee3c x\u00e2y d\u1ef1ng t\u1ea1i \u0110\u1ed9i 9, x\u00e3 Ph\u00fac Than, huy\u1ec7n Than Uy\u00ean, t\u1ec9nh Lai Ch\u00e2u. Tr\u1ea1m Y t\u1ebf c\u00f3 <a class=\"mh-excerpt-more\" href=\"\/web\/phuc-than\/\" title=\"Tr\u1ea1m Y t\u1ebf x\u00e3 Ph\u00fac Than\">[&#8230;]<\/a><\/p>\n<\/div>","protected":false},"author":1,"featured_media":0,"parent":0,"menu_order":0,"comment_status":"closed","ping_status":"closed","template":"","meta":{"footnotes":""},"_links":{"self":[{"href":"\/web\/wp-json\/wp\/v2\/pages\/3070"}],"collection":[{"href":"\/web\/wp-json\/wp\/v2\/pages"}],"about":[{"href":"\/web\/wp-json\/wp\/v2\/types\/page"}],"author":[{"embeddable":true,"href":"\/web\/wp-json\/wp\/v2\/users\/1"}],"replies":[{"embeddable":true,"href":"\/web\/wp-json\/wp\/v2\/comments?post=3070"}],"version-history":[{"count":13,"href":"\/web\/wp-json\/wp\/v2\/pages\/3070\/revisions"}],"predecessor-version":[{"id":7425,"href":"\/web\/wp-json\/wp\/v2\/pages\/3070\/revisions\/7425"}],"wp:attachment":[{"href":"\/web\/wp-json\/wp\/v2\/media?parent=3070"}],"curies":[{"name":"wp","href":"https:\/\/api.w.org\/{rel}","templated":true}]}}