{"id":3142,"date":"2020-09-17T09:13:17","date_gmt":"2020-09-17T02:13:17","guid":{"rendered":"\/web\/?page_id=3142"},"modified":"2025-08-05T14:59:56","modified_gmt":"2025-08-05T07:59:56","slug":"bch-dang-bo","status":"publish","type":"page","link":"\/web\/bch-dang-bo\/","title":{"rendered":"BCH \u0110\u1ea3ng b\u1ed9"},"content":{"rendered":"\n<div class=\"wp-block-group\"><div class=\"wp-block-group__inner-container is-layout-flow wp-block-group-is-layout-flow\"><\/div><\/div>\n\n\n\n<style>\n    .wp-block-table img {\n        width: 150px; \/* Thi\u1ebft l\u1eadp k\u00edch th\u01b0\u1edbc c\u1ed1 \u0111\u1ecbnh cho c\u00e1c h\u00ecnh \u1ea3nh *\/\n        height: 200px; \/* Thi\u1ebft l\u1eadp chi\u1ec1u cao c\u1ed1 \u0111\u1ecbnh *\/\n        object-fit: cover; \/* \u0110\u1ea3m b\u1ea3o h\u00ecnh \u1ea3nh kh\u00f4ng b\u1ecb bi\u1ebfn d\u1ea1ng *\/\n        object-position: center bottom; \/* \u0110\u1eb7t v\u1ecb tr\u00ed c\u1eaft \u1ea3nh \u1edf gi\u1eefa ngang v\u00e0 d\u01b0\u1edbi *\/\n    }\n    .wp-block-table td {\n        text-align: center; \/* C\u0103n gi\u1eefa n\u1ed9i dung trong \u00f4 *\/\n    }\n<\/style>\n\n<figure class=\"wp-block-table\">\n    <table>\n        <tbody>\n            <tr>\n                <td class=\"has-text-align-center\" data-align=\"center\">\n                    <img decoding=\"async\" class=\"wp-image-2967\" src=\"\/web\/wp-content\/uploads\/2024\/02\/bgd\/quang.jpg\" alt=\"\">\n                    <br>\n                    <strong>V\u0168 V\u0102N QUANG<\/strong>\n                    <br>\n                    <em>B\u00ed th\u01b0<\/em>\n                <\/td>\n                <td class=\"has-text-align-center\" data-align=\"center\">\n                    <img decoding=\"async\" class=\"wp-image-6854\" src=\"\/web\/wp-content\/uploads\/2024\/02\/bgd\/thuy.jpg\" alt=\"\">\n                    <br>\n                    <strong>\u0110INH XU\u00c2N TH\u1ee6Y<\/strong>\n                    <br>\n                    <em>Ph\u00f3 b\u00ed th\u01b0<\/em>\n                <\/td>\n            <\/tr>\n        <\/tbody>\n    <\/table>\n<\/figure>\n\n\n\n<figure class=\"wp-block-table\"><table><tbody><tr><td class=\"has-text-align-center\" data-align=\"center\"><img loading=\"lazy\" decoding=\"async\" width=\"150\" height=\"193\" class=\"wp-image-9935\" style=\"width: 150px;\" src=\"\/web\/wp-content\/uploads\/2025\/07\/14_43_19z21072025.jpg\" alt=\"\"><br><strong>NGUY\u1ec4N TH\u1eca HOA<\/strong><br><em>\u1ee6y vi\u00ean<\/em><\/td><td class=\"has-text-align-center\" data-align=\"center\"><img loading=\"lazy\" decoding=\"async\" width=\"150\" height=\"195\" class=\"wp-image-9929\" style=\"width: 150px;\" src=\"\/web\/wp-content\/uploads\/2025\/07\/14_31_52z21072025.jpg\" alt=\"\"><br><strong>Cao Th\u1ecb Th\u00fay H\u00e0<\/strong><br><em>\u1ee6y vi\u00ean<\/em><\/td><td class=\"has-text-align-center\" data-align=\"center\"><img loading=\"lazy\" decoding=\"async\" width=\"150\" height=\"173\" class=\"wp-image-9930\" style=\"width: 150px;\" src=\"\/web\/wp-content\/uploads\/2025\/07\/14_28_32z21072025.jpg\" alt=\"\"><br><strong>\u0110\u1ed7 Xu\u00e2n C\u01b0\u1eddng<\/strong><br><em>\u1ee6y vi\u00ean<\/em><\/td><\/tr><tr><td class=\"has-text-align-center\" data-align=\"center\"><img loading=\"lazy\" decoding=\"async\" width=\"150\" height=\"193\" class=\"wp-image-9937\" style=\"width: 150px;\" src=\"\/web\/wp-content\/uploads\/2025\/07\/14_43_30z21072025.jpg\" alt=\"\"><br><strong>Ho\u00e0ng Th\u1ecb Linh<\/strong><br><em>\u1ee6y vi\u00ean<\/em><\/td><td class=\"has-text-align-center\" data-align=\"center\"><img loading=\"lazy\" decoding=\"async\" width=\"150\" height=\"225\" class=\"wp-image-3885\" style=\"width: 150px;\" src=\"\/web\/wp-content\/uploads\/2020\/09\/Nguy\u1ec5n-Li\u00ean-Chung.jpg\" alt=\"\" srcset=\"\/web\/wp-content\/uploads\/2020\/09\/Nguy\u1ec5n-Li\u00ean-Chung.jpg 787w, \/web\/wp-content\/uploads\/2020\/09\/Nguy\u1ec5n-Li\u00ean-Chung-200x300.jpg 200w, \/web\/wp-content\/uploads\/2020\/09\/Nguy\u1ec5n-Li\u00ean-Chung-682x1024.jpg 682w, \/web\/wp-content\/uploads\/2020\/09\/Nguy\u1ec5n-Li\u00ean-Chung-768x1152.jpg 768w\" sizes=\"(max-width: 150px) 100vw, 150px\" \/><br><strong>Nguy\u1ec5n Li\u00ean chung<\/strong><br><em>\u1ee6y vi\u00ean<\/em><\/td><td class=\"has-text-align-center\" data-align=\"center\"><img loading=\"lazy\" decoding=\"async\" width=\"150\" height=\"225\" class=\"wp-image-3363\" style=\"width: 150px;\" src=\"\/web\/wp-content\/uploads\/2020\/10\/L\u00f2-Thanh-Nguy\u1ec7n-045015654.jpg\" alt=\"\" srcset=\"\/web\/wp-content\/uploads\/2020\/10\/L\u00f2-Thanh-Nguy\u1ec7n-045015654.jpg 787w, \/web\/wp-content\/uploads\/2020\/10\/L\u00f2-Thanh-Nguy\u1ec7n-045015654-200x300.jpg 200w, \/web\/wp-content\/uploads\/2020\/10\/L\u00f2-Thanh-Nguy\u1ec7n-045015654-682x1024.jpg 682w, \/web\/wp-content\/uploads\/2020\/10\/L\u00f2-Thanh-Nguy\u1ec7n-045015654-768x1152.jpg 768w\" sizes=\"(max-width: 150px) 100vw, 150px\" \/><br><strong>L\u00f2 Thanh Nguy\u1ec7n<\/strong><br><em>U\u1ef7 vi\u00ean<\/em><\/td><\/tr><tr><td class=\"has-text-align-center\" data-align=\"center\"><img loading=\"lazy\" decoding=\"async\" width=\"150\" height=\"225\" class=\"wp-image-3468\" style=\"width: 150px;\" src=\"\/web\/wp-content\/uploads\/2017\/09\/C\u1ea7m-H\u1ed3ng-Qu\u00e2n-045246990.jpg\" alt=\"\" srcset=\"\/web\/wp-content\/uploads\/2017\/09\/C\u1ea7m-H\u1ed3ng-Qu\u00e2n-045246990.jpg 787w, \/web\/wp-content\/uploads\/2017\/09\/C\u1ea7m-H\u1ed3ng-Qu\u00e2n-045246990-200x300.jpg 200w, \/web\/wp-content\/uploads\/2017\/09\/C\u1ea7m-H\u1ed3ng-Qu\u00e2n-045246990-682x1024.jpg 682w, \/web\/wp-content\/uploads\/2017\/09\/C\u1ea7m-H\u1ed3ng-Qu\u00e2n-045246990-768x1152.jpg 768w\" sizes=\"(max-width: 150px) 100vw, 150px\" \/><br><strong>C\u1ea7m H\u1ed3ng Qu\u00e2n<\/strong><br>U\u1ef7 vi\u00ean<em><br><\/em><\/td><td class=\"has-text-align-center\" data-align=\"center\"><\/td><td class=\"has-text-align-center\" data-align=\"center\"><\/td><\/tr><\/tbody><\/table><\/figure>\n","protected":false},"excerpt":{"rendered":"<div class=\"mh-excerpt\"><p>V\u0168 V\u0102N QUANG B\u00ed th\u01b0 \u0110INH XU\u00c2N TH\u1ee6Y Ph\u00f3 b\u00ed th\u01b0 NGUY\u1ec4N TH\u1eca HOA\u1ee6y vi\u00ean Cao Th\u1ecb Th\u00fay H\u00e0\u1ee6y vi\u00ean \u0110\u1ed7 Xu\u00e2n C\u01b0\u1eddng\u1ee6y vi\u00ean Ho\u00e0ng <a class=\"mh-excerpt-more\" href=\"\/web\/bch-dang-bo\/\" title=\"BCH \u0110\u1ea3ng b\u1ed9\">[&#8230;]<\/a><\/p>\n<\/div>","protected":false},"author":1,"featured_media":0,"parent":0,"menu_order":0,"comment_status":"closed","ping_status":"closed","template":"","meta":{"footnotes":""},"_links":{"self":[{"href":"\/web\/wp-json\/wp\/v2\/pages\/3142"}],"collection":[{"href":"\/web\/wp-json\/wp\/v2\/pages"}],"about":[{"href":"\/web\/wp-json\/wp\/v2\/types\/page"}],"author":[{"embeddable":true,"href":"\/web\/wp-json\/wp\/v2\/users\/1"}],"replies":[{"embeddable":true,"href":"\/web\/wp-json\/wp\/v2\/comments?post=3142"}],"version-history":[{"count":24,"href":"\/web\/wp-json\/wp\/v2\/pages\/3142\/revisions"}],"predecessor-version":[{"id":10204,"href":"\/web\/wp-json\/wp\/v2\/pages\/3142\/revisions\/10204"}],"wp:attachment":[{"href":"\/web\/wp-json\/wp\/v2\/media?parent=3142"}],"curies":[{"name":"wp","href":"https:\/\/api.w.org\/{rel}","templated":true}]}}