{"id":3219,"date":"2020-09-17T09:43:52","date_gmt":"2020-09-17T02:43:52","guid":{"rendered":"\/web\/?page_id=3219"},"modified":"2024-02-22T15:22:25","modified_gmt":"2024-02-22T08:22:25","slug":"ban-chap-hanh","status":"publish","type":"page","link":"\/web\/ban-chap-hanh\/","title":{"rendered":"Ban ch\u1ea5p h\u00e0nh"},"content":{"rendered":"\n<figure class=\"wp-block-table\"><table><tbody><tr><td class=\"has-text-align-center\" data-align=\"center\"><img loading=\"lazy\" decoding=\"async\" width=\"150\" height=\"225\" class=\"wp-image-2992\" style=\"width: 150px;\" src=\"\/web\/wp-content\/uploads\/2017\/09\/L\u00ecm-V\u0103n-H\u00f2a-045127579.jpg\" alt=\"\" srcset=\"\/web\/wp-content\/uploads\/2017\/09\/L\u00ecm-V\u0103n-H\u00f2a-045127579.jpg 787w, \/web\/wp-content\/uploads\/2017\/09\/L\u00ecm-V\u0103n-H\u00f2a-045127579-200x300.jpg 200w, \/web\/wp-content\/uploads\/2017\/09\/L\u00ecm-V\u0103n-H\u00f2a-045127579-682x1024.jpg 682w, \/web\/wp-content\/uploads\/2017\/09\/L\u00ecm-V\u0103n-H\u00f2a-045127579-768x1152.jpg 768w\" sizes=\"(max-width: 150px) 100vw, 150px\" \/><br><strong>L\u00ecm V\u0103n H\u00f2a<\/strong><br><em>B\u00ed th\u01b0 \u0111o\u00e0n<\/em><\/td><\/tr><\/tbody><\/table><\/figure>\n\n\n\n<figure class=\"wp-block-table\"><table><tbody><tr><td class=\"has-text-align-center\" data-align=\"center\"><img loading=\"lazy\" decoding=\"async\" width=\"150\" height=\"225\" class=\"wp-image-3462\" style=\"width: 150px;\" src=\"\/web\/wp-content\/uploads\/2017\/09\/H\u00e0-Th\u1ecb-Li\u00ean-045080159.jpg\" alt=\"\" srcset=\"\/web\/wp-content\/uploads\/2017\/09\/H\u00e0-Th\u1ecb-Li\u00ean-045080159.jpg 787w, \/web\/wp-content\/uploads\/2017\/09\/H\u00e0-Th\u1ecb-Li\u00ean-045080159-200x300.jpg 200w, \/web\/wp-content\/uploads\/2017\/09\/H\u00e0-Th\u1ecb-Li\u00ean-045080159-682x1024.jpg 682w, \/web\/wp-content\/uploads\/2017\/09\/H\u00e0-Th\u1ecb-Li\u00ean-045080159-768x1152.jpg 768w\" sizes=\"(max-width: 150px) 100vw, 150px\" \/><br><strong>H\u00e0 Th\u1ecb Li\u00ean<\/strong><br><em>Ph\u00f3 b\u00ed th\u01b0 \u0111o\u00e0n<\/em><\/td><\/tr><\/tbody><\/table><\/figure>\n\n\n\n<figure class=\"wp-block-table\"><table><tbody><tr><td class=\"has-text-align-center\" data-align=\"center\"><img loading=\"lazy\" decoding=\"async\" width=\"150\" height=\"225\" class=\"wp-image-3640\" style=\"width: 150px;\" src=\"\/web\/wp-content\/uploads\/2017\/09\/Phan-Th\u1ecb-T\u00e2n-045058293.jpg\" alt=\"\" srcset=\"\/web\/wp-content\/uploads\/2017\/09\/Phan-Th\u1ecb-T\u00e2n-045058293.jpg 472w, \/web\/wp-content\/uploads\/2017\/09\/Phan-Th\u1ecb-T\u00e2n-045058293-200x300.jpg 200w\" sizes=\"(max-width: 150px) 100vw, 150px\" \/><br><strong>Phan Th\u1ecb T\u00e2n<\/strong><br><em>\u1ee6y vi\u00ean<\/em><\/td><td class=\"has-text-align-center\" data-align=\"center\"><img loading=\"lazy\" decoding=\"async\" width=\"150\" height=\"225\" class=\"wp-image-3436\" style=\"width: 150px;\" src=\"\/web\/wp-content\/uploads\/2017\/09\/H\u00e0-Th\u1ecb-T\u1ea1n-045060962.jpg\" alt=\"\" srcset=\"\/web\/wp-content\/uploads\/2017\/09\/H\u00e0-Th\u1ecb-T\u1ea1n-045060962.jpg 787w, \/web\/wp-content\/uploads\/2017\/09\/H\u00e0-Th\u1ecb-T\u1ea1n-045060962-200x300.jpg 200w, \/web\/wp-content\/uploads\/2017\/09\/H\u00e0-Th\u1ecb-T\u1ea1n-045060962-682x1024.jpg 682w, \/web\/wp-content\/uploads\/2017\/09\/H\u00e0-Th\u1ecb-T\u1ea1n-045060962-768x1152.jpg 768w\" sizes=\"(max-width: 150px) 100vw, 150px\" \/><br><strong>H\u00e0 Th\u1ecb T\u1ea1n<\/strong><br><em>\u1ee6y vi\u00ean<\/em><\/td><td class=\"has-text-align-center\" data-align=\"center\"><img loading=\"lazy\" decoding=\"async\" width=\"150\" height=\"225\" class=\"wp-image-3287\" style=\"width: 150px;\" src=\"\/web\/wp-content\/uploads\/2020\/09\/Ho\u00e0ng-Th\u1ecb-Thu-045080293.jpg\" alt=\"\" srcset=\"\/web\/wp-content\/uploads\/2020\/09\/Ho\u00e0ng-Th\u1ecb-Thu-045080293.jpg 787w, \/web\/wp-content\/uploads\/2020\/09\/Ho\u00e0ng-Th\u1ecb-Thu-045080293-200x300.jpg 200w, \/web\/wp-content\/uploads\/2020\/09\/Ho\u00e0ng-Th\u1ecb-Thu-045080293-682x1024.jpg 682w, \/web\/wp-content\/uploads\/2020\/09\/Ho\u00e0ng-Th\u1ecb-Thu-045080293-768x1152.jpg 768w\" sizes=\"(max-width: 150px) 100vw, 150px\" \/><br><strong>Ho\u00e0ng Th\u1ecb Thu<\/strong><br><em>\u1ee6y vi\u00ean<\/em><\/td><td class=\"has-text-align-center\" data-align=\"center\"><img loading=\"lazy\" decoding=\"async\" width=\"150\" height=\"224\" class=\"wp-image-6863\" style=\"width: 150px;\" src=\"\/web\/wp-content\/uploads\/2024\/02\/vu-manh-cuong.jpg\" alt=\"\" srcset=\"\/web\/wp-content\/uploads\/2024\/02\/vu-manh-cuong.jpg 857w, \/web\/wp-content\/uploads\/2024\/02\/vu-manh-cuong-201x300.jpg 201w, \/web\/wp-content\/uploads\/2024\/02\/vu-manh-cuong-686x1024.jpg 686w, \/web\/wp-content\/uploads\/2024\/02\/vu-manh-cuong-768x1147.jpg 768w\" sizes=\"(max-width: 150px) 100vw, 150px\" \/><br><strong>V\u0169 M\u1ea1nh C\u01b0\u1eddng<\/strong><br><em>\u1ee6y vi\u00ean<\/em><\/td><td class=\"has-text-align-center\" data-align=\"center\"><img loading=\"lazy\" decoding=\"async\" width=\"150\" height=\"225\" class=\"wp-image-3258\" style=\"width: 150px;\" src=\"\/web\/wp-content\/uploads\/2020\/09\/L\u00ea-Thu-Ph\u01b0\u01a1ng-045014545.jpg\" alt=\"\" srcset=\"\/web\/wp-content\/uploads\/2020\/09\/L\u00ea-Thu-Ph\u01b0\u01a1ng-045014545.jpg 787w, \/web\/wp-content\/uploads\/2020\/09\/L\u00ea-Thu-Ph\u01b0\u01a1ng-045014545-200x300.jpg 200w, \/web\/wp-content\/uploads\/2020\/09\/L\u00ea-Thu-Ph\u01b0\u01a1ng-045014545-682x1024.jpg 682w, \/web\/wp-content\/uploads\/2020\/09\/L\u00ea-Thu-Ph\u01b0\u01a1ng-045014545-768x1152.jpg 768w\" sizes=\"(max-width: 150px) 100vw, 150px\" \/><br><strong>L\u00ea Thu Ph\u01b0\u01a1ng<\/strong><br><em>\u1ee6y vi\u00ean<\/em><\/td><\/tr><\/tbody><\/table><\/figure>\n","protected":false},"excerpt":{"rendered":"<div class=\"mh-excerpt\"><p>L\u00ecm V\u0103n H\u00f2aB\u00ed th\u01b0 \u0111o\u00e0n H\u00e0 Th\u1ecb Li\u00eanPh\u00f3 b\u00ed th\u01b0 \u0111o\u00e0n Phan Th\u1ecb T\u00e2n\u1ee6y vi\u00ean H\u00e0 Th\u1ecb T\u1ea1n\u1ee6y vi\u00ean Ho\u00e0ng Th\u1ecb Thu\u1ee6y vi\u00ean V\u0169 M\u1ea1nh <a class=\"mh-excerpt-more\" href=\"\/web\/ban-chap-hanh\/\" title=\"Ban ch\u1ea5p h\u00e0nh\">[&#8230;]<\/a><\/p>\n<\/div>","protected":false},"author":1,"featured_media":0,"parent":0,"menu_order":0,"comment_status":"closed","ping_status":"closed","template":"","meta":{"footnotes":""},"_links":{"self":[{"href":"\/web\/wp-json\/wp\/v2\/pages\/3219"}],"collection":[{"href":"\/web\/wp-json\/wp\/v2\/pages"}],"about":[{"href":"\/web\/wp-json\/wp\/v2\/types\/page"}],"author":[{"embeddable":true,"href":"\/web\/wp-json\/wp\/v2\/users\/1"}],"replies":[{"embeddable":true,"href":"\/web\/wp-json\/wp\/v2\/comments?post=3219"}],"version-history":[{"count":8,"href":"\/web\/wp-json\/wp\/v2\/pages\/3219\/revisions"}],"predecessor-version":[{"id":7040,"href":"\/web\/wp-json\/wp\/v2\/pages\/3219\/revisions\/7040"}],"wp:attachment":[{"href":"\/web\/wp-json\/wp\/v2\/media?parent=3219"}],"curies":[{"name":"wp","href":"https:\/\/api.w.org\/{rel}","templated":true}]}}